133 composite?
True
Is 758191281 a prime number?
False
Is 739640239 a composite number?
True
Is 13120685713 prime?
True
Is 256015681 composite?
False
Is 1571437346 prime?
False
Is 15074093 a prime number?
False
Is 38717108821 composite?
True
Is 1160245379 a prime number?
True
Is 12304987319 composite?
True
Is 15196851323 prime?
True
Is 25210328641 a prime number?
False
Is 98348247523 prime?
False
Is 175064585537 a composite number?
True
Is 27455158337 composite?
True
Is 186920417 a composite number?
False
Is 4904899 prime?
True
Is 466457686 a composite number?
True
Is 74911618157 composite?
False
Is 9153110987 a composite number?
False
Is 19036863019 a prime number?
False
Is 673979849 a composite number?
True
Is 3109107761 a composite number?
False
Is 3245114923 prime?
True
Is 3899505419 a prime number?
False
Is 2768919433 a composite number?
True
Is 153188049479 prime?
True
Is 1535694901 a prime number?
False
Is 211077901 composite?
True
Is 39373500653 prime?
True
Is 48493518013 prime?
False
Is 597105401 a composite number?
False
Is 762779753 prime?
False
Is 417756839 prime?
False
Is 7123585081 prime?
False
Is 15159973 a composite number?
True
Is 37607243169 composite?
True
Is 61860240041 prime?
False
Is 1001054849 composite?
False
Is 146514749 composite?
False
Is 25909013171 composite?
True
Is 3002333923 prime?
True
Is 393744983 a composite number?
False
Is 5911515713 a composite number?
False
Is 9134244061 a prime number?
False
Is 90799987315 a prime number?
False
Is 33858932237 a prime number?
False
Is 34077982747 prime?
True
Is 18291999553 prime?
True
Is 13070239937 composite?
True
Is 136494093011 a prime number?
True
Is 63833352637 composite?
False
Is 4944541871 a composite number?
True
Is 336586183 prime?
False
Is 25955310197 a prime number?
False
Is 4130429813 composite?
True
Is 12402569 composite?
False
Is 569572742965 a prime number?
False
Is 169550176811 a composite number?
False
Is 1088807693 composite?
True
Is 677140679 composite?
True
Is 1707484157 a prime number?
False
Is 64403810483 prime?
True
Is 842849437 a composite number?
False
Is 54295872721 a prime number?
False
Is 5066025893 composite?
False
Is 37840410989 a prime number?
False
Is 25349880043 a composite number?
False
Is 13555024831 a prime number?
True
Is 379785691 prime?
False
Is 43690977137 a composite number?
True
Is 236277517 composite?
True
Is 22863198773 composite?
True
Is 30871209099 a composite number?
True
Is 1093738307 composite?
False
Is 11477321287 a prime number?
False
Is 77937463 a prime number?
False
Is 873150251 composite?
False
Is 53549603383 prime?
True
Is 7396881467 prime?
True
Is 11854644883 a prime number?
True
Is 1288986583 a composite number?
False
Is 1075004005 prime?
False
Is 15356069693 a prime number?
True
Is 1278557547 prime?
False
Is 764427679 composite?
False
Is 2953293803 prime?
False
Is 195439819451 a prime number?
False
Is 375433501 a prime number?
False
Is 31202190113 a prime number?
True
Is 47624458067 a prime number?
True
Is 933463127 prime?
False
Is 210849893 a composite number?
True
Is 4898696581 a composite number?
False
Is 2905070033 a prime number?
False
Is 42037861919 a prime number?
False
Is 322468961 a prime number?
False
Is 2983655861 a prime number?
False
Is 8271703799 a composite number?
True
Is 7888300139 a prime number?
True
Is 1870461277 a composite number?
False
Is 699424717 prime?
False
Is 4918678019 prime?
True
Is 19234704361 a composite number?
True
Is 2751345199 a prime number?
False
Is 15826633255 a composite number?
True
Is 5399922505 prime?
False
Is 2869964021 a composite number?
True
Is 23478833497 composite?
True
Is 13226503 a composite number?
False
Is 30785452597 a composite number?
True
Is 5292188557 prime?
False
Is 48324737 a prime number?
True
Is 26499467 prime?
False
Is 19068326227 a prime number?
False
Is 8937000103 a composite number?
True
Is 39857588021 a composite number?
False
Is 75155027581 a composite number?
False
Is 19061124307 composite?
True
Is 52338303737 prime?
True
Is 1457008811 a composite number?
False
Is 23118147659 prime?
True
Is 9650499409 a composite number?
False
Is 1415050199 a prime number?
False
Is 16797817 a composite number?
False
Is 32822236771 prime?
True
Is 51119269289 composite?
True
Is 60600642379 a prime number?
True
Is 886581061 prime?
True
Is 116582527079 a prime number?
True
Is 3590443487 a prime number?
True
Is 91041090299 composite?
False
Is 9243625582 a prime number?
False
Is 374852417 a composite number?
True
Is 668043409 a prime number?
False
Is 120118731647 composite?
False
Is 2391845843 prime?
True
Is 2480594197 a composite number?
False
Is 25285955 prime?
False
Is 99409179 a prime number?
False
Is 3990067421 a prime number?
True
Is 11101268561 a prime number?
True
Is 3976384301 a prime number?
True
Is 113601549637 prime?
True
Is 125137037 a prime number?
False
Is 1256389273 prime?
False
Is 6378891383 a prime number?
True
Is 14886127363 a composite number?
False
Is 9271912031 prime?
True
Is 1632031 a composite number?
False
Is 4138552687 composite?
False
Is 4935938747 a composite number?
True
Is 737593541 a prime number?
True
Is 1539988181 a prime number?
False
Is 33194345627 a composite number?
False
Is 4246385021 a composite number?
False
Is 16424504641 prime?
False
Is 7921126519 composite?
False
Is 2942627417 a composite number?
False
Is 59542644451 a prime number?
True
Is 3550949063 a prime number?
True
Is 6148233527 composite?
True
Is 189241138099 a composite number?
True
Is 1077835217 a prime number?
True
Is 1392023093 prime?
True
Is 1710185853 a composite number?
True
Is 2622540059 prime?
False
Is 3130194127 a composite number?
True
Is 18321522377 prime?
True
Is 3346429349 composite?
True
Is 1359334643 prime?
False
Is 10840283119 prime?
False
Is 216218411 a prime number?
True
Is 11889884701 composite?
False
Is 3556402565 a composite number?
True
Is 158637797 a prime number?
True
Is 121216905673 a composite number?
False
Is 11197779851 prime?
True
Is 2201131189 composite?
True
Is 6322227083 prime?
True
Is 54655600577 composite?
False
Is 1167059981 a prime number?
False
Is 3384116669 a prime number?
True
Is 2741503339 a prime number?
True
Is 24578229439 a composite number?
False
Is 150010167 composite?
True
Is 1657690507 prime?
False
Is 1393851157 prime?
False
Is 4445066939 a prime number?
True
Is 41055899 a composite number?
True
Is 75679336927 composite?
False
Is 232345099 a prime number?
False
Is 34679975653 prime?
True
Is 5992245559 prime?
True
Is 176221459 prime?
True
Is 545059969 prime?
True
Is 139849845049 a composite number?
True
Is 219242651 prime?
True
Is 73841147321 a prime number?
True
Is 1868862386 a prime number?
False
Is 341751623 composite?
True
Is 234204497 prime?
True
Is 730233809 composite?
False
Is 546594547 a composite number?
False
Is 49397605 composite?
True
Is 1020867181 prime?
False
Is 2458606819 a composite number?
False
Is 36192155053 a composite number?
False
Is 71398060399 a composite number?
True
Is 89934706483 prime?
True
Is 617465627 a composite number?
False
Is 1036904821 composite?
False
Is 210938993009 composite?
False
Is 14938562927 prime?
True
Is 1025659067 a composite number?
False
Is 95358709 a composite number?
True
Is 11683793903 composite?
True
Is 45227194889 prime?
False
Is 1052016521 prime?
True
Is 53265397 a composite number?
True
Is 1169061737 a composite number?
False
Is 2743587739 a composite number?
False
Is 51459867149 prime?
True
Is 9541554797 prime?
True
Is 2633372939 a prime number?
True
Is 2910225397 composite?
True
Is 1073724538 composite?
True
Is 328124593 prime?
False
Is 7807066977 composite?
True
Is 3370887523 a composite number?
False
Is 3766034971 prime?
True
Is 130970453207 a prime number?
False
Is 214240247 a composite number?
True
Is 1304310622 prime?
False
Is 15738000017 a composite number?
True
Is 49882394831 a composite number?
False
Is 14567609213 a prime number?
False
Is 72173741369 a composite number?
False
Is 3527096231 a prime number?
True
Is 2879922973 prime?
False
Is 55480327879 a prime number?
True
Is 635530849 a prime number?
False
Is 856962539 prime?
True
Is 75571302953 a composite number?
False
Is 24156038 composite?
True
Is 38201904467 prime?
False
Is 20488118591 a composite n